{"id":12,"date":"2026-02-19T12:46:27","date_gmt":"2026-02-19T12:46:27","guid":{"rendered":"https:\/\/fablesofthewild.fr\/?page_id=12"},"modified":"2026-04-05T13:48:43","modified_gmt":"2026-04-05T13:48:43","slug":"accueil","status":"publish","type":"page","link":"https:\/\/fablesofthewild.fr\/","title":{"rendered":"Accueil"},"content":{"rendered":"\t\t<div data-elementor-type=\"wp-page\" data-elementor-id=\"12\" class=\"elementor elementor-12\">\n\t\t\t\t<div class=\"elementor-element elementor-element-be35ae1 e-flex e-con-boxed e-con e-parent\" data-id=\"be35ae1\" data-element_type=\"container\" data-e-type=\"container\">\n\t\t\t\t\t<div class=\"e-con-inner\">\n\t\t\t\t<div class=\"elementor-element elementor-element-51155eda elementor-widget__width-initial elementor-widget elementor-widget-text-editor\" data-id=\"51155eda\" data-element_type=\"widget\" data-e-type=\"widget\" data-widget_type=\"text-editor.default\">\n\t\t\t\t\t\t\t\t\t\n<h2 class=\"wp-block-heading\">\u00a0<\/h2>\n<p>\u00a0<\/p>\n<p>\u00a0<\/p>\n<p>\u00a0<\/p>\n<p>\u00a0<\/p>\n\n<p>\u00a0<\/p>\n\n<figure class=\"wp-block-image aligncenter size-full\"><img fetchpriority=\"high\" decoding=\"async\" class=\"alignnone  wp-image-45\" src=\"http:\/\/fablesofthewild.fr\/wp-content\/uploads\/2026\/02\/Capture_d_ecran_2026-02-19_a_14.08.42-removebg-preview.png\" alt=\"\" width=\"288\" height=\"340\" \/><\/figure>\n\n<p>\u00a0<\/p>\n\n<p>\u00a0<\/p>\n\t\t\t\t\t\t\t\t<\/div>\n\t\t\t\t\t<\/div>\n\t\t\t\t<\/div>\n\t\t<div class=\"elementor-element elementor-element-c3be246 e-flex e-con-boxed e-con e-parent\" data-id=\"c3be246\" data-element_type=\"container\" data-e-type=\"container\">\n\t\t\t\t\t<div class=\"e-con-inner\">\n\t\t\t\t<div class=\"elementor-element elementor-element-307642b elementor-widget elementor-widget-text-editor\" data-id=\"307642b\" data-element_type=\"widget\" data-e-type=\"widget\" data-widget_type=\"text-editor.default\">\n\t\t\t\t\t\t\t\t\t<p style=\"caret-color: #FFFFFF; color: #FFFFFF; font-style: normal;\">Fables of the Wild est n\u00e9e d\u2019un froissement de feuilles, et d\u2019une phrase \u00e0 peine audible, chuchot\u00e9e au bord d\u2019un sentier.<\/p>\n<p style=\"caret-color: #FFFFFF; color: #FFFFFF; font-style: normal;\"><br \/>Une marque comme une clairi\u00e8re : on y entre pour reprendre souffle, on en ressort avec une histoire cousue au fond de la poche.<\/p>\n<p style=\"caret-color: #FFFFFF; color: #FFFFFF; font-style: normal;\">Ici, le sauvage n\u2019est pas un d\u00e9cor.<\/p>\n<p style=\"caret-color: #FFFFFF; color: #FFFFFF; font-style: normal;\">C\u2019est une langue. Une boussole.<br \/>Un battement tr\u00e8s ancien qui remonte \u00e0 la surface quand le monde s\u2019emballe,<br \/>quand le bruit d\u00e9borde,<br \/>quand l\u2019essentiel se fait discret.<\/p>\n<p style=\"caret-color: #FFFFFF; color: #FFFFFF; font-style: normal;\">Nous tissons des fables \u00e0 partir de mati\u00e8res, de gestes, de traces.<br \/>Nous lisons ce que la for\u00eat laisse derri\u00e8re elle :<br \/>la mousse comme une confidence,<br \/>la pierre comme une m\u00e9moire,<br \/>l\u2019\u00e9corce comme une carte,<br \/>les nuits d\u2019orage comme des pri\u00e8res qui grondent.<\/p>\n<p style=\"caret-color: #FFFFFF; color: #FFFFFF; font-style: normal;\">Puis nous traduisons ce qu\u2019elles savent d\u00e9j\u00e0 :<br \/>que la beaut\u00e9 n\u2019a pas besoin d\u2019\u00e9clats pour \u00eatre immense,<br \/>que prendre soin, c\u2019est aussi choisir,\u00a0<br \/>et choisir, parfois, c\u2019est ralentir.<\/p>\n<p style=\"caret-color: #FFFFFF; color: #FFFFFF; font-style: normal;\">Fables of the Wild, c\u2019est l\u2019appel de la for\u00eat au c\u0153ur du quotidien.<\/p>\n<p style=\"caret-color: #FFFFFF; color: #FFFFFF; font-style: normal;\">Une po\u00e9sie \u00e0 porter. \u00c0 vivre. \u00c0 partager.<br \/>Des cr\u00e9ations comme des talismans :<br \/>pour se souvenir de respirer,<br \/>pour garder le lien,<br \/>pour marcher plus l\u00e9ger, et plus vrai.<\/p>\n<p style=\"caret-color: #FFFFFF; color: #FFFFFF; font-style: normal;\">Et si chaque objet, chaque d\u00e9tail, chaque choix<br \/>devenait une mani\u00e8re de raconter une autre histoire :<br \/>plus douce, plus juste, plus vivante ?<\/p>\n<p style=\"caret-color: #FFFFFF; color: #FFFFFF; font-style: normal;\">Bienvenue dans nos fables.<\/p>\t\t\t\t\t\t\t\t<\/div>\n\t\t\t\t\t<\/div>\n\t\t\t\t<\/div>\n\t\t<div class=\"elementor-element elementor-element-2f1a3ea e-flex e-con-boxed e-con e-parent\" data-id=\"2f1a3ea\" data-element_type=\"container\" data-e-type=\"container\">\n\t\t\t\t\t<div class=\"e-con-inner\">\n\t\t\t\t<div class=\"elementor-element elementor-element-b50d208 elementor-widget elementor-widget-image\" data-id=\"b50d208\" data-element_type=\"widget\" data-e-type=\"widget\" data-widget_type=\"image.default\">\n\t\t\t\t\t\t\t\t\t\t\t\t\t\t\t<img decoding=\"async\" width=\"169\" height=\"300\" src=\"https:\/\/fablesofthewild.fr\/wp-content\/uploads\/2026\/04\/Design-sans-titre-142-169x300.png\" class=\"attachment-medium size-medium wp-image-305\" alt=\"\" srcset=\"https:\/\/fablesofthewild.fr\/wp-content\/uploads\/2026\/04\/Design-sans-titre-142-169x300.png 169w, https:\/\/fablesofthewild.fr\/wp-content\/uploads\/2026\/04\/Design-sans-titre-142-576x1024.png 576w, https:\/\/fablesofthewild.fr\/wp-content\/uploads\/2026\/04\/Design-sans-titre-142-768x1365.png 768w, https:\/\/fablesofthewild.fr\/wp-content\/uploads\/2026\/04\/Design-sans-titre-142-864x1536.png 864w, https:\/\/fablesofthewild.fr\/wp-content\/uploads\/2026\/04\/Design-sans-titre-142-1000x1778.png 1000w, https:\/\/fablesofthewild.fr\/wp-content\/uploads\/2026\/04\/Design-sans-titre-142.png 1080w\" sizes=\"(max-width: 169px) 100vw, 169px\" \/>\t\t\t\t\t\t\t\t\t\t\t\t\t\t\t<\/div>\n\t\t\t\t\t<\/div>\n\t\t\t\t<\/div>\n\t\t<div class=\"elementor-element elementor-element-3ce22ea e-flex e-con-boxed e-con e-parent\" data-id=\"3ce22ea\" data-element_type=\"container\" data-e-type=\"container\">\n\t\t\t\t\t<div class=\"e-con-inner\">\n\t\t<div class=\"elementor-element elementor-element-d72d7d8 e-con-full e-flex e-con e-child\" data-id=\"d72d7d8\" data-element_type=\"container\" data-e-type=\"container\">\n\t\t\t\t<div class=\"elementor-element elementor-element-21ec760 elementor-widget elementor-widget-image\" data-id=\"21ec760\" data-element_type=\"widget\" data-e-type=\"widget\" data-widget_type=\"image.default\">\n\t\t\t\t\t\t\t\t\t\t\t\t<figure class=\"wp-caption\">\n\t\t\t\t\t\t\t\t\t\t\t<a href=\"https:\/\/fablesofthewild.fr\/index.php\/produit\/pull-en-cochet-fait-a-la-main\/\">\n\t\t\t\t\t\t\t<img decoding=\"async\" src=\"https:\/\/fablesofthewild.fr\/wp-content\/uploads\/2026\/02\/WhatsApp-Image-2026-02-17-at-20.09.02.jpeg\" title=\"WhatsApp Image 2026-02-17 at 20.09.02\" alt=\"WhatsApp Image 2026-02-17 at 20.09.02\" loading=\"lazy\" \/>\t\t\t\t\t\t\t\t<\/a>\n\t\t\t\t\t\t\t\t\t\t\t<figcaption class=\"widget-image-caption wp-caption-text\">pull en crochet fait \u00e0 la main<\/figcaption>\n\t\t\t\t\t\t\t\t\t\t<\/figure>\n\t\t\t\t\t\t\t\t\t<\/div>\n\t\t\t\t<\/div>\n\t\t<div class=\"elementor-element elementor-element-b20c72d e-con-full e-flex e-con e-child\" data-id=\"b20c72d\" data-element_type=\"container\" data-e-type=\"container\">\n\t\t\t\t<div class=\"elementor-element elementor-element-8f42f9b elementor-widget elementor-widget-image\" data-id=\"8f42f9b\" data-element_type=\"widget\" data-e-type=\"widget\" data-widget_type=\"image.default\">\n\t\t\t\t\t\t\t\t\t\t\t\t<figure class=\"wp-caption\">\n\t\t\t\t\t\t\t\t\t\t\t<a href=\"https:\/\/fablesofthewild.fr\/index.php\/produit\/cagoule-en-crochet-faite-a-la-main\/\">\n\t\t\t\t\t\t\t<img decoding=\"async\" src=\"https:\/\/fablesofthewild.fr\/wp-content\/uploads\/2026\/02\/WhatsApp-Image-2026-02-17-at-20.08.46.jpeg\" title=\"WhatsApp Image 2026-02-17 at 20.08.46\" alt=\"WhatsApp Image 2026-02-17 at 20.08.46\" loading=\"lazy\" \/>\t\t\t\t\t\t\t\t<\/a>\n\t\t\t\t\t\t\t\t\t\t\t<figcaption class=\"widget-image-caption wp-caption-text\">cagoule en crochet faite \u00e0 la main<\/figcaption>\n\t\t\t\t\t\t\t\t\t\t<\/figure>\n\t\t\t\t\t\t\t\t\t<\/div>\n\t\t\t\t<\/div>\n\t\t\t\t\t<\/div>\n\t\t\t\t<\/div>\n\t\t<div class=\"elementor-element elementor-element-176d221 e-flex e-con-boxed e-con e-parent\" data-id=\"176d221\" data-element_type=\"container\" data-e-type=\"container\">\n\t\t\t\t\t<div class=\"e-con-inner\">\n\t\t\t\t<div class=\"elementor-element elementor-element-5528611 elementor-widget elementor-widget-image\" data-id=\"5528611\" data-element_type=\"widget\" data-e-type=\"widget\" data-widget_type=\"image.default\">\n\t\t\t\t\t\t\t\t\t\t\t\t\t\t\t<img decoding=\"async\" width=\"169\" height=\"300\" src=\"https:\/\/fablesofthewild.fr\/wp-content\/uploads\/2026\/04\/Design-sans-titre-144-169x300.png\" class=\"attachment-medium size-medium wp-image-310\" alt=\"\" srcset=\"https:\/\/fablesofthewild.fr\/wp-content\/uploads\/2026\/04\/Design-sans-titre-144-169x300.png 169w, https:\/\/fablesofthewild.fr\/wp-content\/uploads\/2026\/04\/Design-sans-titre-144-576x1024.png 576w, https:\/\/fablesofthewild.fr\/wp-content\/uploads\/2026\/04\/Design-sans-titre-144-768x1365.png 768w, https:\/\/fablesofthewild.fr\/wp-content\/uploads\/2026\/04\/Design-sans-titre-144-864x1536.png 864w, https:\/\/fablesofthewild.fr\/wp-content\/uploads\/2026\/04\/Design-sans-titre-144-1000x1778.png 1000w, https:\/\/fablesofthewild.fr\/wp-content\/uploads\/2026\/04\/Design-sans-titre-144.png 1080w\" sizes=\"(max-width: 169px) 100vw, 169px\" \/>\t\t\t\t\t\t\t\t\t\t\t\t\t\t\t<\/div>\n\t\t\t\t\t<\/div>\n\t\t\t\t<\/div>\n\t\t<div class=\"elementor-element elementor-element-d0b564b e-flex e-con-boxed e-con e-parent\" data-id=\"d0b564b\" data-element_type=\"container\" data-e-type=\"container\">\n\t\t\t\t\t<div class=\"e-con-inner\">\n\t\t\t\t<div class=\"elementor-element elementor-element-cbe3067 elementor-widget elementor-widget-html\" data-id=\"cbe3067\" data-element_type=\"widget\" data-e-type=\"widget\" data-widget_type=\"html.default\">\n\t\t\t\t\t  <link href=\"https:\/\/fonts.googleapis.com\/css2?family=Special+Elite&family=Courier+Prime:wght@400;700&display=swap\" rel=\"stylesheet\">\n\n<style>\n  .telegram-widget * { box-sizing: border-box; margin: 0; padding: 0; }\n\n  .telegram-widget {\n    width: 310px;\n    background: #f5edd8 !important;\n    border: 1px solid #c0a060;\n    box-shadow: 3px 4px 0 #9a7840;\n    font-family: 'Special Elite', cursive !important;\n    animation: tg-appear 0.4s ease both;\n  }\n\n  @keyframes tg-appear {\n    from { opacity: 0; transform: translateY(12px); }\n    to   { opacity: 1; transform: translateY(0); }\n  }\n\n  .telegram-widget .torn {\n    height: 12px;\n    position: relative;\n    overflow: hidden;\n  }\n  .telegram-widget .torn::after {\n    content: '';\n    position: absolute;\n    inset: 0;\n    background: #b8a882;\n    clip-path: polygon(\n      0% 100%, 2% 30%, 4% 80%, 6% 20%, 8% 70%, 10% 15%,\n      12% 60%, 14% 35%, 16% 75%, 18% 10%, 20% 55%, 22% 30%,\n      24% 80%, 26% 20%, 28% 65%, 30% 40%, 32% 85%, 34% 15%,\n      36% 60%, 38% 30%, 40% 75%, 42% 20%, 44% 55%, 46% 35%,\n      48% 80%, 50% 10%, 52% 60%, 54% 25%, 56% 70%, 58% 40%,\n      60% 85%, 62% 20%, 64% 65%, 66% 30%, 68% 75%, 70% 15%,\n      72% 60%, 74% 35%, 76% 80%, 78% 20%, 80% 55%, 82% 30%,\n      84% 75%, 86% 15%, 88% 60%, 90% 40%, 92% 80%, 94% 25%,\n      96% 65%, 98% 35%, 100% 70%, 100% 100%\n    );\n  }\n  .telegram-widget .torn.bottom::after {\n    clip-path: polygon(\n      0% 0%, 2% 70%, 4% 20%, 6% 80%, 8% 30%, 10% 85%,\n      12% 40%, 14% 65%, 16% 25%, 18% 90%, 20% 45%, 22% 70%,\n      24% 20%, 26% 80%, 28% 35%, 30% 60%, 32% 15%, 34% 85%,\n      36% 40%, 38% 70%, 40% 25%, 42% 80%, 44% 45%, 46% 65%,\n      48% 20%, 50% 90%, 52% 40%, 54% 75%, 56% 30%, 58% 60%,\n      60% 15%, 62% 80%, 64% 35%, 66% 70%, 68% 25%, 70% 85%,\n      72% 40%, 74% 65%, 76% 20%, 78% 80%, 80% 45%, 82% 70%,\n      84% 25%, 86% 85%, 88% 40%, 90% 60%, 92% 20%, 94% 75%,\n      96% 35%, 98% 65%, 100% 30%, 100% 0%\n    );\n  }\n\n  .telegram-widget .tg-header {\n    background: #1a1a1a !important;\n    padding: 7px 16px;\n    display: flex;\n    justify-content: space-between;\n    align-items: center;\n    border-top: 2px double #f5edd8;\n    border-bottom: 2px double #f5edd8;\n  }\n  .telegram-widget .tg-header span {\n    font-family: 'Courier Prime', monospace !important;\n    font-size: 0.55rem !important;\n    color: #f5edd8 !important;\n    letter-spacing: 2px;\n    text-transform: uppercase;\n  }\n\n  .telegram-widget .tg-title {\n    text-align: center;\n    padding: 10px 16px 8px;\n    border-bottom: 1px dashed #a89060;\n  }\n  .telegram-widget .tg-title h1 {\n    font-family: 'Special Elite', cursive !important;\n    font-size: 1rem !important;\n    color: #1a1a1a !important;\n    letter-spacing: 5px;\n    text-transform: uppercase;\n  }\n\n  .telegram-widget .tg-body {\n    padding: 14px 18px 10px;\n  }\n  .telegram-widget .tg-field {\n    margin-bottom: 14px;\n  }\n  .telegram-widget .tg-field-label {\n    font-family: 'Courier Prime', monospace !important;\n    font-size: 0.75rem !important;\n    font-weight: 700 !important;\n    letter-spacing: 1px;\n    text-transform: uppercase;\n    color: #000000 !important;\n    margin-bottom: 5px;\n    display: block !important;\n  }\n\n  .telegram-widget input[type=\"text\"],\n  .telegram-widget input[type=\"email\"],\n  .telegram-widget textarea {\n    width: 100% !important;\n    background: #ffffff !important;\n    border: 1px solid #c0a060 !important;\n    border-bottom: 2px solid #9a7a40 !important;\n    color: #000000 !important;\n    font-family: 'Special Elite', cursive !important;\n    font-size: 0.9rem !important;\n    padding: 5px 8px !important;\n    outline: none !important;\n    box-shadow: none !important;\n    border-radius: 0 !important;\n    transition: border-color 0.15s;\n  }\n  .telegram-widget input[type=\"text\"]::placeholder,\n  .telegram-widget input[type=\"email\"]::placeholder,\n  .telegram-widget textarea::placeholder {\n    color: rgba(0, 0, 0, 0.35) !important;\n    font-style: italic;\n  }\n  .telegram-widget input[type=\"text\"]:focus,\n  .telegram-widget input[type=\"email\"]:focus,\n  .telegram-widget textarea:focus {\n    border-color: #1a1a1a !important;\n    background: #ffffff !important;\n  }\n  .telegram-widget textarea {\n    height: 80px !important;\n    resize: none !important;\n    line-height: 1.5 !important;\n    display: block !important;\n  }\n\n  .telegram-widget .tg-footer {\n    padding: 8px 18px 12px;\n    border-top: 1px dashed #a89060;\n    display: flex;\n    justify-content: space-between;\n    align-items: center;\n  }\n  .telegram-widget .tg-num {\n    font-family: 'Courier Prime', monospace !important;\n    font-size: 0.5rem !important;\n    color: #9a7a50 !important;\n    letter-spacing: 1px;\n  }\n  .telegram-widget .tg-btn {\n    background: #1a1a1a !important;\n    color: #f5edd8 !important;\n    border: none !important;\n    font-family: 'Special Elite', cursive !important;\n    font-size: 0.7rem !important;\n    letter-spacing: 2px;\n    text-transform: uppercase;\n    padding: 7px 14px !important;\n    cursor: pointer;\n    box-shadow: 2px 2px 0 #8a6a30 !important;\n    border-radius: 0 !important;\n    transition: transform 0.1s, box-shadow 0.1s;\n  }\n  .telegram-widget .tg-btn:hover { transform: translate(-1px, -1px); box-shadow: 3px 3px 0 #8a6a30 !important; }\n  .telegram-widget .tg-btn:active { transform: translate(1px, 1px); box-shadow: 1px 1px 0 #8a6a30 !important; }\n  .telegram-widget .tg-btn:disabled { opacity: 0.5; cursor: default; transform: none; }\n\n  .telegram-widget .tg-err {\n    font-family: 'Courier Prime', monospace !important;\n    font-size: 0.55rem !important;\n    color: #8b1a1a !important;\n    text-align: center;\n    padding: 4px 18px 0;\n    display: none;\n  }\n\n  .telegram-widget .tg-success {\n    display: none;\n    text-align: center;\n    padding: 28px 18px;\n  }\n  .telegram-widget .tg-stamp {\n    display: inline-block;\n    border: 2.5px solid #8b1a1a;\n    color: #8b1a1a !important;\n    font-family: 'Special Elite', cursive !important;\n    font-size: 1.1rem !important;\n    letter-spacing: 3px;\n    padding: 7px 14px;\n    transform: rotate(-3deg);\n    text-transform: uppercase;\n    margin-bottom: 8px;\n  }\n  .telegram-widget .tg-stamp-sub {\n    font-family: 'Courier Prime', monospace !important;\n    font-size: 0.55rem !important;\n    color: #6a5030 !important;\n    letter-spacing: 2px;\n    text-transform: uppercase;\n  }\n<\/style>\n\n<div class=\"telegram-widget\">\n\n  <div class=\"torn\"><\/div>\n\n  <div class=\"tg-header\">\n    <span>Bureau Central \u2014 Normandie<\/span>\n    <span>&#10022; 2026 &#10022;<\/span>\n  <\/div>\n\n  <div class=\"tg-title\">\n    <h1>T\u00e9l\u00e9gramme<\/h1>\n  <\/div>\n\n  <div id=\"tg-form-wrap\">\n    <div class=\"tg-body\">\n\n      <div class=\"tg-field\">\n        <span class=\"tg-field-label\">De :<\/span>\n        <input type=\"text\" id=\"tg-name\" placeholder=\"Votre nom\">\n      <\/div>\n\n      <div class=\"tg-field\">\n        <span class=\"tg-field-label\">R\u00e9ponse \u00e0 :<\/span>\n        <input type=\"email\" id=\"tg-email\" placeholder=\"votre@email.com\">\n      <\/div>\n\n      <div class=\"tg-field\">\n        <span class=\"tg-field-label\">Message :<\/span>\n        <textarea id=\"tg-msg\" placeholder=\"Votre message...\"><\/textarea>\n      <\/div>\n\n    <\/div>\n\n    <div class=\"tg-err\" id=\"tg-err\">Echec de l'envoi. R\u00e9essayez.<\/div>\n\n    <div class=\"tg-footer\">\n      <span class=\"tg-num\">N FAB-2026-NR<\/span>\n      <button class=\"tg-btn\" id=\"tg-btn\" onclick=\"tgSendForm()\">Transmettre<\/button>\n    <\/div>\n  <\/div>\n\n  <div class=\"tg-success\" id=\"tg-ok\">\n    <div class=\"tg-stamp\">Transmis<\/div>\n    <div class=\"tg-stamp-sub\">Message achemin\u00e9 avec succ\u00e8s<\/div>\n  <\/div>\n\n  <div class=\"torn bottom\"><\/div>\n\n<\/div>\n\n<script>\n  function tgSendForm() {\n    var name  = document.getElementById('tg-name').value.trim();\n    var email = document.getElementById('tg-email').value.trim();\n    var msg   = document.getElementById('tg-msg').value.trim();\n    var btn   = document.getElementById('tg-btn');\n    var err   = document.getElementById('tg-err');\n\n    if (!name || !email || !msg) {\n      alert('Merci de remplir tous les champs.');\n      return;\n    }\n\n    btn.textContent = 'Envoi...';\n    btn.disabled = true;\n    err.style.display = 'none';\n\n    fetch('https:\/\/formspree.io\/f\/xeelljry', {\n      method: 'POST',\n      headers: {\n        'Content-Type': 'application\/json',\n        'Accept': 'application\/json'\n      },\n      body: JSON.stringify({ name: name, email: email, message: msg })\n    })\n    .then(function(res) {\n      if (res.ok) {\n        document.getElementById('tg-form-wrap').style.display = 'none';\n        document.getElementById('tg-ok').style.display = 'block';\n      } else {\n        throw new Error('erreur');\n      }\n    })\n    .catch(function() {\n      btn.textContent = 'Transmettre';\n      btn.disabled = false;\n      err.style.display = 'block';\n    });\n  }\n<\/script>\t\t\t\t<\/div>\n\t\t\t\t\t<\/div>\n\t\t\t\t<\/div>\n\t\t<div class=\"elementor-element elementor-element-31754cd e-flex e-con-boxed e-con e-parent\" data-id=\"31754cd\" data-element_type=\"container\" data-e-type=\"container\">\n\t\t\t\t\t<div class=\"e-con-inner\">\n\t\t\t\t<div class=\"elementor-element elementor-element-c9f5981 elementor-widget elementor-widget-spacer\" data-id=\"c9f5981\" data-element_type=\"widget\" data-e-type=\"widget\" data-widget_type=\"spacer.default\">\n\t\t\t\t\t\t\t<div class=\"elementor-spacer\">\n\t\t\t<div class=\"elementor-spacer-inner\"><\/div>\n\t\t<\/div>\n\t\t\t\t\t\t<\/div>\n\t\t\t\t\t<\/div>\n\t\t\t\t<\/div>\n\t\t\t\t<\/div>\n\t\t","protected":false},"excerpt":{"rendered":"<p>\u00a0 \u00a0 \u00a0 \u00a0 \u00a0 \u00a0 \u00a0 \u00a0 Fables of the Wild est n\u00e9e d\u2019un froissement de feuilles, et d\u2019une [&hellip;]<\/p>\n","protected":false},"author":1,"featured_media":0,"parent":0,"menu_order":0,"comment_status":"closed","ping_status":"closed","template":"","meta":{"site-sidebar-layout":"no-sidebar","site-content-layout":"plain-container","ast-site-content-layout":"default","site-content-style":"default","site-sidebar-style":"default","ast-global-header-display":"","ast-banner-title-visibility":"","ast-main-header-display":"","ast-hfb-above-header-display":"","ast-hfb-below-header-display":"","ast-hfb-mobile-header-display":"","site-post-title":"disabled","ast-breadcrumbs-content":"","ast-featured-img":"","footer-sml-layout":"","ast-disable-related-posts":"","theme-transparent-header-meta":"enabled","adv-header-id-meta":"","stick-header-meta":"","header-above-stick-meta":"","header-main-stick-meta":"","header-below-stick-meta":"","astra-migrate-meta-layouts":"default","ast-page-background-enabled":"default","ast-page-background-meta":{"desktop":{"background-color":"var(--ast-global-color-5)","background-image":"","background-repeat":"repeat","background-position":"center center","background-size":"auto","background-attachment":"scroll","background-type":"","background-media":"","overlay-type":"","overlay-color":"","overlay-opacity":"","overlay-gradient":""},"tablet":{"background-color":"","background-image":"","background-repeat":"repeat","background-position":"center center","background-size":"auto","background-attachment":"scroll","background-type":"","background-media":"","overlay-type":"","overlay-color":"","overlay-opacity":"","overlay-gradient":""},"mobile":{"background-color":"","background-image":"","background-repeat":"repeat","background-position":"center center","background-size":"auto","background-attachment":"scroll","background-type":"","background-media":"","overlay-type":"","overlay-color":"","overlay-opacity":"","overlay-gradient":""}},"ast-content-background-meta":{"desktop":{"background-color":"var(--ast-global-color-4)","background-image":"","background-repeat":"repeat","background-position":"center center","background-size":"auto","background-attachment":"scroll","background-type":"","background-media":"","overlay-type":"","overlay-color":"","overlay-opacity":"","overlay-gradient":""},"tablet":{"background-color":"var(--ast-global-color-4)","background-image":"","background-repeat":"repeat","background-position":"center center","background-size":"auto","background-attachment":"scroll","background-type":"","background-media":"","overlay-type":"","overlay-color":"","overlay-opacity":"","overlay-gradient":""},"mobile":{"background-color":"var(--ast-global-color-4)","background-image":"","background-repeat":"repeat","background-position":"center center","background-size":"auto","background-attachment":"scroll","background-type":"","background-media":"","overlay-type":"","overlay-color":"","overlay-opacity":"","overlay-gradient":""}},"footnotes":""},"class_list":["post-12","page","type-page","status-publish","hentry"],"jetpack_sharing_enabled":true,"_links":{"self":[{"href":"https:\/\/fablesofthewild.fr\/index.php\/wp-json\/wp\/v2\/pages\/12","targetHints":{"allow":["GET"]}}],"collection":[{"href":"https:\/\/fablesofthewild.fr\/index.php\/wp-json\/wp\/v2\/pages"}],"about":[{"href":"https:\/\/fablesofthewild.fr\/index.php\/wp-json\/wp\/v2\/types\/page"}],"author":[{"embeddable":true,"href":"https:\/\/fablesofthewild.fr\/index.php\/wp-json\/wp\/v2\/users\/1"}],"replies":[{"embeddable":true,"href":"https:\/\/fablesofthewild.fr\/index.php\/wp-json\/wp\/v2\/comments?post=12"}],"version-history":[{"count":120,"href":"https:\/\/fablesofthewild.fr\/index.php\/wp-json\/wp\/v2\/pages\/12\/revisions"}],"predecessor-version":[{"id":356,"href":"https:\/\/fablesofthewild.fr\/index.php\/wp-json\/wp\/v2\/pages\/12\/revisions\/356"}],"wp:attachment":[{"href":"https:\/\/fablesofthewild.fr\/index.php\/wp-json\/wp\/v2\/media?parent=12"}],"curies":[{"name":"wp","href":"https:\/\/api.w.org\/{rel}","templated":true}]}}